on divisor of 6 and s.
6
Let g be (6/4)/((-24)/(-1824)). Calculate the highest common factor of 152 and g.
38
Suppose -3*d - 51 = -b, -5*b + 157 + 155 = 4*d. Calculate the highest common factor of 12 and b.
12
Let j = 192 - 138. Let q be (4/2*-3)/(-1). Calculate the highest common divisor of j and q.
6
Let j be ((-26)/1)/((-7)/42). Suppose -2*o - j = -4*o - 2*u, 0 = 5*u - 5. What is the highest common divisor of o and 7?
7
Let t(s) = 3*s - 83. Let l be t(28). Let d = 0 - 1. Let h be ((-2)/1 - d)*-3. Calculate the highest common factor of l and h.
1
Let a be (-3)/9 - (-568)/12. Suppose -k = 4*x - a, 2*k + 3*k - 31 = -3*x. Calculate the highest common divisor of x and 30.
6
Let g be (33/(-22))/((-6)/16). Let c be 54*(2/3 - 0). Suppose -3*y = -g*y + c. What is the highest common factor of 4 and y?
4
Let z(j) = j + 8. Let s be z(-6). Suppose -s*g = g - 144. Calculate the greatest common factor of 12 and g.
12
Let s = -4 + 24. Suppose -13 = -2*x + 1. Suppose 2*r = x*r - 20. Calculate the greatest common divisor of s and r.
4
Let o be 1 + (0/(-6 - -3) - -36). What is the highest common divisor of 259 and o?
37
Let h = -44 - -74. What is the highest common divisor of h and 150?
30
Let y = 44 - -163. Calculate the greatest common factor of 23 and y.
23
Suppose -2*w = -4*g - 344, 2*w - 3*w + 4*g + 168 = 0. What is the greatest common factor of 44 and w?
44
Suppose 2*l + j - 14 = 1, -5*l = -3*j - 10. Suppose 0 = 3*q + 2*f - 16, -2*q - 26 = -5*q - 4*f. What is the highest common factor of q and l?
1
Let q(c) = -c**3 + 2*c**2 + 5*c + 2. Let s be q(4). Let l = -6 - s. What is the greatest common divisor of l and 2?
2
Let j = -4 - -73. Suppose -21 = 5*c + 3*l + j, -c + 4*l = 41. Let r be (18/c)/(3/(-21)). What is the highest common divisor of 15 and r?
3
Suppose 105 = 2*u - 45. Let d be 18 + (-1)/(-2)*-6. What is the greatest common factor of u and d?
15
Let r be ((-36)/20)/((-6)/20). What is the greatest common divisor of r and 6?
6
Suppose 0 = 3*b + 2 - 11. Suppose b*z = 4*z. Suppose z = -5*r + 10 + 55. What is the highest common divisor of 13 and r?
13
Suppose a = -a + 12. Let d = a + -9. Let w be 28/(4/(-66)*d). Calculate the highest common divisor of w and 14.
14
Suppose 0*p + 6*p - 102 = 0. Calculate the highest common factor of 136 and p.
17
Suppose 5 = 5*w + 5*z, -w + 3*z - 35 = 4*w. Let c be (26 - 0) + w/(-1). Calculate the highest common divisor of 20 and c.
10
Let d = 21 + 3. Calculate the highest common factor of 60 and d.
12
Let m be (-2)/5 + 252/5. Suppose 5*w = -w + 60. Calculate the greatest common divisor of m and w.
10
Suppose 105 = 4*x + 17. Suppose -2*z = -x + 6. Let o(b) = b**2 + 3*b + 4. Let a be o(-3). Calculate the greatest common factor of z and a.
4
Let k = 34 + 219. What is the greatest common divisor of k and 23?
23
Let k = -20 - -35. What is the greatest common divisor of k and 120?
15
Suppose 3 = -r + 17. Calculate the highest common divisor of 126 and r.
14
Let s = 3 + -3. Suppose s = -4*f - 4*o + 12, -4*o + 1 = -3. Let i be 2 + 39 + (1 - f). Calculate the highest common divisor of 10 and i.
10
Let v = -20 - -83. Let r = 37 - -41. Let i be r/9 + 3/9. What is the greatest common divisor of i and v?
9
Suppose 3*l + 5*q - 185 = 0, -2*l = 2*l + 5*q - 255. Suppose -g + 7 + 7 = 0. What is the highest common factor of g and l?
14
Suppose -5*v = -21 - 49. Suppose 0 = -4*w + q + 54, 0 = -w + 5*w + 4*q - 64. Calculate the greatest common divisor of w and v.
14
Suppose 77*d - 76*d = 0. Suppose -4*z + 3*z + 11 = -t, 3*t = 12. Suppose 5*k - z = d, k - 83 = -4*x - 4*k. Calculate the highest common factor of 153 and x.
17
Let m be 1*(1 + 76) - 0. Let g be 204/9 + 6/(-9). Let n be (-15)/(-10)*g/3. Calculate the highest common divisor of n and m.
11
Let z be (-2 - 2) + 7 + 3. Suppose g - 5 = z. Calculate the highest common factor of 33 and g.
11
Let b(q) = -q - 4. Let v be b(-6). Suppose -v*w = 3*w - 5. Calculate the highest common divisor of w and 3.
1
Let p(b) = -15*b + 3. Suppose j + 12 = -2*j. Let i be p(j). What is the highest common factor of 9 and i?
9
Suppose -2*z = -z - 11. Let n be (4 + 0)/(8/(-44)). Let k be n/(-2*(-3)/(-24)). Calculate the highest common divisor of k and z.
11
Suppose -2*p - 4*v + v + 3 = 0, -4*p = 4*v - 8. Suppose 2*t = -p*t. Suppose a = -t*a + 19. What is the greatest common factor of 133 and a?
19
Let v be (-84)/(-7) - (-3 + 0). Let i = v - 7. What is the greatest common divisor of 64 and i?
8
Let p = -87 + 285. Let y(x) = x**2 - 7. Let f be y(-5). What is the greatest common divisor of f and p?
18
Let t = 0 - -9. Suppose -4*k + 5*u + 36 = u, 0 = -4*k + u + 30. Let s = -4 + k. What is the highest common divisor of s and t?
3
Suppose 48 = 5*t - 2*t. Suppose 1252 = -0*r + 4*r. Suppose 0 = 5*f + y - 725, -r = -2*f - 5*y - 0*y. What is the greatest common factor of t and f?
16
Suppose f + 4 = 13. What is the highest common divisor of f and 1?
1
Let z(m) = -m**2 + 9*m - 8. Let i be z(6). Suppose -150 = -i*x + 5*x. What is the greatest common factor of 12 and x?
6
Suppose -5*l + 41 + 14 = 0. Calculate the highest common factor of l and 121.
11
Let f be 1 - (-3 + 0/2). Suppose -4*k - 2*k = -60. Let t be (6/5)/(f/k). Calculate the greatest common divisor of t and 33.
3
Let t be 8 + (-1)/2*-8. Calculate the highest common divisor of t and 96.
12
Let f be 143*-2 - (10 - 8). Let i be ((-1)/(3/f))/1. What is the greatest common factor of 12 and i?
12
Let b = 72 - 101. Let d = 45 + b. Calculate the highest common divisor of d and 24.
8
Suppose 2*k - 9 - 5 = 0. Suppose -3*d + k*d + 24 = 2*n, -3*n + 5*d = -37. What is the highest common factor of n and 14?
14
Let g(r) = -4*r + 1. Let d be g(-5). Let n = 13 - 28. Let x = d + n. Calculate the greatest common divisor of 18 and x.
6
Suppose 0 = 3*u - 7 - 5. Let n be 1/(1/(-6))*-1. Suppose 2*r = 7*c - 2*c - n, -5*r = -5*c. Calculate the highest common divisor of u and r.
2
Suppose 0 = 3*r - 2*r - 7. Let l = -10 + r. Let q be (2/l)/((-1)/6). Calculate the greatest common divisor of 28 and q.
4
Let x(a) = a**3 - a**2 - a - 2. Let v be x(0). Let i = v - -11. Let r = -14 + 32. Calculate the highest common factor of r and i.
9
Let b be (-124)/(-16) + (-1)/(-4). Let y be (-150)/(-8) + (-6)/b. Suppose y = 4*s - 2*s. Calculate the highest common divisor of s and 72.
9
Suppose -k - 7 = -27. What is the greatest common divisor of 4 and k?
4
Let u be 2/(-3 - 57/(-21)). Let p = 13 + u. Calculate the greatest common factor of 4 and p.
2
Suppose 3*s - 7*s - 76 = 0. Let h = s + 31. Let g be -1 + 0/1 + 61. Calculate the highest common factor of g and h.
12
Suppose 5*i - 28 = -w, -i - 30 = -5*w - 4*i. Calculate the highest common factor of w and 6.
3
Let c = -295 - -493. What is the greatest common divisor of c and 18?
18
Suppose 2*y - 44 = -14. What is the highest common factor of 165 and y?
15
Suppose v + 2*v + 9 = 5*m, 2*m - 4*v = -2. Suppose -4*c - 184 = -2*k, -3*k - 2*c = m*c - 265. Calculate the highest common divisor of k and 10.
10
Let q(f) = -f**3 - 4*f**2 - 6*f + 4. Let x be q(-6). Let y = 5 + 28. Suppose -5*o = 5*u - 62 - y, -o + 5 = 0. Calculate the greatest common factor of x and u.
14
Suppose 4 = 2*l + 3*v, 5*v = -l + 1 - 6. Let p(r) = l + 2 + r + 0*r. Let g be p(5). What is the highest common factor of g and 8?
4
Let s = 106 - 73. Calculate the highest common divisor of s and 22.
11
Suppose 3*j - 120 = -j. What is the greatest common factor of j and 270?
30
Let p be 71/4 + 2/8. Suppose 85 = 2*d + h, 3*d + 13 = 4*h + 168. What is the highest common factor of d and p?
9
Let r = -5 - -11. Let l(n) = 5*n - 2. Let y be l(r). What is the highest common factor of y and 42?
14
Let y be -2 + ((-8)/(-10) - (-111)/5). What is the greatest common divisor of y and 28?
7
Let c be ((-56)/6 + -2)*-3. Let t = c - 19. Let m be 6/t + (-38)/(-5). What is the greatest common factor of 12 and m?
4
Suppose -q + 4*r = -29, 72 = -q + 5*q - 5*r. Let a = q - 6. Let o be (-4)/(-6) - (-618)/18. Calculate the highest common divisor of o and a.
7
Let v be (-4 - -3) + (24 - -1). Suppose 0 - 9 = p. Let j = p + v. What is the greatest common factor of j and 105?
15
Let w(r) = -r**3 + 7*r**2 - r - 8. Let g be w(6). Let q = 2 + 0. Suppose 4*o - 2*o - 33 = -h, o = -q*h + 66. Calculate the highest common factor of h